7*-6. Calculate the remainder when 22 is divided by i/25 - t/10.
8
Let r(y) = -y**3 + 20*y**2 + 41*y + 22. Let h be r(22). What is the remainder when ((-96)/h - 12/66)*84 is divided by 35?
28
Let g(f) = -f**3 - f**2 + 5*f - 9. Let v be g(-4). Suppose -14*h - 100 = -v*h. Let w = -4 - -36. What is the remainder when w is divided by h?
12
Calculate the remainder when (-9376)/(-40)*(-370)/(-148) is divided by 16.
10
Let h(j) = -32*j - 604. Suppose 7*u - 5*u = -6. What is the remainder when (u - (-179 - -3)) + 3 is divided by h(-20)?
32
Suppose 0 = 47*k - 40*k - 1267. Suppose 125*g - 128*g + 183 = 0. What is the remainder when k is divided by g?
59
Suppose 5*q + 20 = 0, 0*q + 5*q + 28 = -2*s. Let l(p) = -2*p**3 - 3*p**2 - 12*p + 3. What is the remainder when l(s) is divided by 9/3 + 36 + -6?
32
Suppose -4*l + 599 = 3*t + 109, -l + 828 = 5*t. Suppose 0 = 5*q - t + 56. What is the remainder when 58 is divided by q?
14
Suppose 12*b + 2310 = 67*b. Calculate the remainder when b is divided by 9.
6
Let u = -515 + 519. Suppose 0 = -4*q + 2*r + 230, -227 = -u*q + 6*r - 7*r. Calculate the remainder when (-72)/10*(-560)/24 is divided by q.
54
Let d(t) = 3*t**2 - 5*t - 1449. Calculate the remainder when d(30) is divided by 113.
84
Suppose -4*i - 31*i + 490 = 0. What is the remainder when 582 is divided by i?
8
Let l = -463 - -363. Suppose -5*q = -0*q - 315. What is the remainder when q is divided by (13/5)/((-20)/l)?
11
Let k(g) = -g**2 + 7*g + 5. Let r be k(7). Suppose -74 - 91 = -r*a. Calculate the remainder when 117 is divided by a.
18
Suppose 86 = -4*s - 2*t, -2*s + 17 - 61 = 2*t. Suppose 7 = l + 3*o - 5, 3*l + 2*o - 29 = 0. Calculate the remainder when (s/3)/((-1)/(-6)*-1) is divided by l.
6
Suppose -x + 2*w = -41, x + 34*w - 29*w = -15. What is the remainder when 1492 is divided by x?
17
Let m(s) = -10*s - 4. Let z be m(-1). Suppose 5*n - z*l + 11*l = 665, 655 = 5*n + 3*l. What is the remainder when n is divided by 46?
36
Suppose -4*p = 0, 0*p - 4*p + 2*p + 846 = 18*m. What is the remainder when 3523 is divided by m?
45
Let b(k) = -9*k + 102. Let m = 275 + -265. What is the remainder when 104 is divided by b(m)?
8
Let x = 6045 - 5586. What is the remainder when x is divided by 19?
3
Let g = -1102 + 1112. Let y = 11 - 3. Calculate the remainder when g is divided by y.
2
Suppose -2*k + s + 3*s + 48 = 0, -4*k = -4*s - 112. Let m(l) = -8*l**2 - 203*l + 109. Calculate the remainder when m(0) is divided by k.
13
Let n(p) = -2*p + 10. Let w be n(4). Let g(y) = 15*y**3 - 3*y**2 - 4*y + 1. Calculate the remainder when g(w) is divided by 22.
13
Let d(l) = l**3 - 13*l**2 - 4*l - 9. Let s be d(14). Let x = -114 + s. Calculate the remainder when 237 is divided by x.
16
Let m(b) = 9 - 5*b**2 + 8*b**2 - 21*b + 22. What is the remainder when m(7) is divided by 13?
5
Let z = -910 + 1770. Calculate the remainder when z is divided by 36.
32
Let d(l) = 4*l**2 + 38*l + 297. What is the remainder when 2943 is divided by d(13)?
9
Let g(o) = -o**3 + 8*o**2 + 58*o - 35. Calculate the remainder when g(9) is divided by 81.
1
Let t be 186/5 + (-28)/140. Suppose -4*k - n + t = 0, 2*k - 9 = -n + 10. Let y = -55 - -99. Calculate the remainder when y is divided by k.
8
Suppose 18 = -3*d, 10*f - 7*f = -5*d + 27. Suppose -4*k = -20, 4*l + 28 = -4*k + 184. What is the remainder when l is divided by f?
15
Calculate the remainder when 1/2 + (-357)/(-2) is divided by 24850/345 + (-210)/7245.
35
What is the remainder when 185 + (-34 - -12) + (-1 - (-2)/(-2)) is divided by 139?
22
Let i = 486 + -482. Suppose i*w - 90 = w. Calculate the remainder when 447 is divided by w.
27
Suppose -1838 = -20*x + 1662. Let b = 264 - x. Calculate the remainder when b is divided by 33.
23
Suppose -16*x + 3320 = 5*l - 18*x, -2*l = x - 1328. Calculate the remainder when 1346 is divided by l.
18
Suppose -3*a + 5*f = -0*f + 38, 30 = -3*a + 3*f. Calculate the remainder when a + 0/(-4) + 99 is divided by (-1 - (2 + -41))/2.
17
Let a(r) = -587*r + 45393. Let h be 11/3 - 4/6. Suppose 38 = x + 5*s, 0 = -h*x + 5*s + 41 + 53. What is the remainder when a(77) is divided by x?
29
Let b(n) = -179*n - 6401. Let t(i) = 42*i + 1. Calculate the remainder when t(5) is divided by b(-36).
39
Let z(a) = -1058*a + 5421. What is the remainder when 5628 is divided by z(5)?
126
Let b = -41 + 13. Let x be 8/b + (-16)/(-7). Calculate the remainder when 67*((3 - 2) + x - 2) is divided by 17.
16
Let y = 511 - 275. Suppose -22*n + 18*n = -y. Let w(q) = q**2 + q + 4. What is the remainder when n is divided by w(-4)?
11
Calculate the remainder when 2025 is divided by ((-2)/(-5))/(10/(-42900)*-11).
153
Let k = 0 + 22. What is the remainder when ((-858)/231)/((-66)/3465) is divided by k?
19
Suppose -28*o = -48*o - 43*o + 2772. Calculate the remainder when 1015 is divided by o.
3
Suppose 3912*m = 3915*m + 3*z - 54, 0 = 5*m - 4*z - 36. Suppose -5*s - 2*t + 1316 = 0, 156 = -5*s - 3*t + 1475. Calculate the remainder when s is divided by m.
10
Suppose 25*z + 829 - 79 = 0. What is the remainder when 175742/210 + (-4)/z is divided by 70?
67
Let q be (5/10 - 0)*174. Suppose w - 4*r - 14 = 0, -12*r = 5*w - 15*r - q. Let h = -210 - -298. What is the remainder when h is divided by w?
16
Let p = -1817 - -2013. What is the remainder when p is divided by 83?
30
Suppose -4*b = 3*r - 2295, 754 = r - 0*b + 5*b. Let k = -426340 - -426417. Calculate the remainder when r is divided by k.
76
Suppose -17*o + 40680 = 103*o. What is the remainder when o is divided by 62?
29
What is the remainder when (41 + 1)*9729/282 is divided by 60?
9
Let m be (39/(-9) - -3)/(4/(-18)). Suppose -n + m*n = -5, k = 3*n + 129. What is the remainder when k is divided by 27?
18
Suppose k + 62 = 4*v, 4*k + 2*v = 5*k + 72. Let i = k - -185. What is the remainder when i is divided by 7?
5
Let w(v) = v**3 + 2*v**2 + 2*v + 210. Let t be w(0). Suppose 0 = -13*k + 18*k - t. What is the remainder when k is divided by 15?
12
Let f(m) = 166*m - 313. Calculate the remainder when f(14) is divided by 294.
247
Let q(z) = -54*z + 1029. Calculate the remainder when 2900 is divided by q(18).
50
Let z = 45 - 45. Suppose z = 6*c + 10 + 2. What is the remainder when 2 is divided by 2/(0 - 2) - c?
0
Suppose 0 = 17*f + 789 - 3339. Suppose -f = -2*h - 2*k, h + 0*h + 3*k = 77. Calculate the remainder when h is divided by 32.
10
Suppose -99*d + 8946 = -135*d + 99*d. Suppose s - 71 = -4*w + 6*s, 0 = -5*w + 2*s + 110. Calculate the remainder when d is divided by w.
22
Let i(n) = -n - 22. Let y be (-3)/(8/(1040/15)). What is the remainder when i(y) is divided by 1?
0
Let h be (17 - 30)/((-2)/4). Suppose h*j - 36*j + 60 = 0. Let y(x) = x**2 + 2*x - 10. What is the remainder when y(j) is divided by 6?
2
Let a = -381 - -460. Suppose -a = 8*m - 135. What is the remainder when ((-6)/(-4))/((-3)/(-36)) is divided by m?
4
Let u = 101 - 144. Let m be 2420/308 - (-1)/7. Let y = m - u. What is the remainder when y is divided by 14?
9
Let d = 460 - 456. Suppose d*z = -2*h - 0*z + 70, 2*h - 71 = -3*z. What is the remainder when 103 is divided by h?
29
Let b(f) = -3*f**2 - 5*f + 3. Let k be b(-4). Let j = -18 - k. Suppose 10*x + 71 - 68 = 393. Calculate the remainder when x is divided by j.
4
What is the remainder when (-43 + (-12)/(-3))/(822/60 + -14) is divided by 60?
10
Let s = 139 - 40. Suppose 0*t + 4*t - 2*j = 200, -2*j - 250 = -5*t. What is the remainder when s is divided by t?
49
Calculate the remainder when (3/2 + -1)/((-65841)/5066 + 13) is divided by 24.
5
Let v = -302 - -441. Let o = v - 136. Calculate the remainder when o is divided by 2.
1
Let k be (-1)/(-4) + (-16625)/20. Let t = k - -399. What is the remainder when 77 is divided by 0/(-1) - 0 - t/27?
13
Let u = -5091 - -5188. What is the remainder when 357 is divided by u?
66
Let t be (4 - (-6498)/30) + (-4)/(-10). Let j(c) = 225*c - 11 - 29 + 4 - t*c. Calculate the remainder when j(11) is divided by 3.
2
Suppose -5*t + 2 + 39 = -2*i, 2*t - 14 = 2*i. Suppose t*z - 32 = 8*z. Calculate the remainder when 216 is divided by z.
24
What is the remainder when 1026 is divided by (-1448)/(-905) + 54/10?
4
Let l be 4/((-120)/(-1983)) - (-8)/(-80). Let n = -54 + l. What is the remainder when n is divided by 6?
0
What is the remainder when ((-1)/2)/((-1)/56) is divided